f(7). Let p(z) = t*w(z) + 6*h(z). Calculate p(9).
23
Suppose -135 = -36*h - 27. Let r(m) = 4*m**2 + m**h - 62*m + 8*m + 56*m + 7. Calculate r(-4).
-1
Let k(x) be the second derivative of x**6/120 - 3*x**5/20 + x**4/3 + 11*x**3/6 - 77*x**2 + 23*x - 1. Let n(y) be the first derivative of k(y). Give n(8).
11
Suppose -z + 14 = -15. Let s(h) = -27*h**2 + z*h**2 + 0 + 4 + h**3 - 2*h. Let c = 55 - 58. What is s(c)?
1
Suppose 18*x + 14 = 104. Suppose -r + x - 46 = 4*j, 3*r + 33 = -3*j. Let q(o) = -o**2 - 11*o - 13. What is q(j)?
-3
Suppose 94 = 3*z - 3*q + 118, 4*q = 2*z + 32. Let y(p) = -7 + p**3 - p**2 + 3*p**2 - 3*p**2. What is y(z)?
-7
Suppose -10*w = -5*i - 14*w + 96, 2*i + 3*w - 37 = 0. Suppose -4*n - i = -4*o, 12*n - 20 = -3*o + 10*n. Let y(m) = 4*m + 2. What is y(o)?
26
Let o be (2 - -2) + 1/4 + (-38)/152. Let r(j) = 3*j**2 + 10*j - 4. Let b(n) = 10 - 7*n**2 - 11*n - 2 - 10*n. Let m(g) = 4*b(g) + 9*r(g). Determine m(o).
4
Let d(j) = j - j**3 + 25 - 54 - 2*j + 26 + 9*j**2 - 3*j. Let a(f) = f**3 - 8*f**2 + 3*f + 1. Let y(m) = -3*a(m) - 2*d(m). Determine y(6).
-3
Suppose -5*p + 7 + 23 = 0. Let m be (p + 3)*1/3. Let x be m*(2 - 6)/((-12)/(-8)). Let g(u) = u - 1. Calculate g(x).
-9
Suppose 2*a + 23 = 15*o - 12*o, o - 3*a + 4 = 0. Let h(b) = 13*b**2 + 5*b - 6. Let l(u) = 7*u**2 + 2*u - 4. Let s(z) = o*l(z) - 6*h(z). Calculate s(-8).
-8
Let f(t) be the first derivative of 5*t**3/3 - 19*t**2/2 + 36*t - 10900. What is f(4)?
40
Let k(j) = -133360 - 2*j + 66677 - 3*j**3 + 66680. What is k(-2)?
25
Let v(j) = 10*j + 3. Let c = -70 + 354. Let t = -286 + c. Determine v(t).
-17
Let y be 374/33*(-6)/(-4). Suppose -5 = 2*t - 2*i - 7, -t - 3*i = -y. Let m(s) = s**3 - 4*s**2 - 3*s - 1. Calculate m(t).
9
Let z(s) = -5*s + 4. Let c(a) = -a + 1. Let j(l) = -14*c(l) + 2*z(l). Suppose -2*m - m + 45 = 5*w, 0 = 5*m + w - 75. Let x be ((-5)/3)/((-5)/m). Give j(x).
14
Let x be (-6)/(-21) - 2/7. Let k(o) = 97*o - 1. Let n(b) = 292*b - 5. Let q(r) = -3*k(r) + n(r). Calculate q(x).
-2
Let x(b) = -3*b**3 + 2*b**2 + 6*b - 4. Let w(h) = -h**3 - 2*h**2 - h - 3. Let o(v) = 2*w(v) - x(v). Calculate o(7).
-9
Let x(h) = -h + 10. Let y be x(5). Let b(w) be the third derivative of -2/3*w**3 + 4*w**2 + 0 + 1/12*w**4 + 0*w. Calculate b(y).
6
Let y(z) be the second derivative of z**3/2 + 27*z**2 - 21*z + 476. Let r be (27/6)/(2/(-8)). Determine y(r).
0
Let s(f) = -47*f**3 + 8*f**2 + 3*f - 6. Let m(r) = 80*r**3 - 15*r**2 - 5*r + 11. Let t(i) = -4*m(i) - 7*s(i). Give t(1).
10
Let x be ((-1 - -16) + 3)*(3 + 0). Let y = -45 + x. Let w(i) = y*i - 11*i + i - 4. Calculate w(-8).
4
Let k(b) = -51*b + 4. Let d(z) = 95*z - 94. Let g(a) = -d(a) - 2*k(a). Determine g(-11).
9
Let f(w) = 31*w**2 - 3*w - 247. Let v(x) = 11*x**2 - x - 82. Let r(g) = -6*f(g) + 17*v(g). Determine r(0).
88
Let d(a) = a + 2. Let n be 1*-9 + (2 - (3 - 4)). Let c(p) = 15*p + 90. Let w be c(n). Calculate d(w).
2
Let z(w) = w + 4. Let g be z(-4). Let m(p) = 2 - 169*p**2 + 6*p + p**3 + g*p + 175*p**2. Let s(l) = l**2 + 11*l + 19. Let b be s(-8). Calculate m(b).
-3
Let l = -7741 + 7747. Let m(r) = -r**3 + 4*r**2 + r - 3. Calculate m(l).
-69
Suppose 0 = 2*o + 5*s - 123, 3*s = 6*s + 15. Let m(t) = -24 - 17 + o - 31 - 4*t. Determine m(-1).
6
Suppose 0 = -6*r + 11*r + o + 21, 9 = -3*r + 3*o. Let u(c) be the first derivative of -c**4/4 - 5*c**3/3 - c**2/2 + 119. Determine u(r).
-12
Suppose -9 = q - 23 + 10. Let v(t) = -t**3. Let u(b) = -3*b**3 + 3*b**2 + 4*b + 2. Let l(r) = u(r) - 2*v(r). What is l(q)?
2
Let u(g) = 2*g + 2. Let s(a) = 6*a + 6. Suppose 18*t - 21*t = -9. Let j(y) = t*s(y) - 7*u(y). What is j(4)?
20
Let o(z) = 2*z**2 + 8*z + 10. Let c(q) = q**2. Let u(d) = 3*c(d) - o(d). Suppose 0 = -5*a + 8 - 33, 9 = 2*t - a. Suppose -t*i = 8 - 24. Determine u(i).
-10
Let w(g) = -5*g - 8. Let x(n) = -24*n - 40. Let i(h) = 14*w(h) - 3*x(h). Let r be ((-40)/6 - -7)*9. Let p(a) = -a - 4. Let f(u) = r*i(u) + 7*p(u). Give f(-9).
5
Let y(o) = o + 10. Let a be y(0). Suppose -a = 4*j - 2*w - 2, -4*w + 16 = -j. Let k(s) = -128 + 0*s**3 + 11 + 111 + s**3. Calculate k(j).
-6
Let r(o) = -376 + 416 + 0*o + o. Determine r(-13).
27
Suppose -206*i - 273 = -167*i. Let c(x) = 2*x**2 + 7*x - 21. Let n(k) = -3*k**2 - 11*k - 14 + 17 + 28. Let v(q) = -7*c(q) - 5*n(q). Determine v(i).
-1
Suppose -3*n - 7 = 2, n = -4*o + 13. Let g(k) be the second derivative of -k**4/12 + k**3/2 - 2*k**2 - k + 1. What is g(o)?
-8
Let v(j) = 5*j + 4. Let h be (-2)/4 - (-2 - 116/8). Suppose 8*x = 8 + h. Suppose x*a + 27 = -5*s, 3*s - 4*a + 21 = -7*a. Determine v(s).
-11
Suppose -1 = -5*l + 2*o, 2*l - 9 = 5*l + 2*o. Let q(x) = x - 1. Let j(r) = 5*r**2 - 6*r + 5. Let d(a) = l*j(a) - 6*q(a). Determine d(-1).
-4
Let o be (0 + (-24)/(-9))*(-117)/(-12). Let a(y) = -56 + 32 + o - 4*y. Determine a(4).
-14
Suppose 4*z - 4*t - 28 = 0, 4*t + 6 = -14. Let a(d) = 0*d - 4*d + 5*d + d**z. Suppose -y = 2*j + 5, 5*j - 15 = y - 3. Calculate a(j).
2
Let c(y) = 5540*y - 2746*y - 2793*y - 42. Determine c(6).
-36
Let k(m) = -9*m - 58. Let i be k(-7). Suppose i*u + 2*y - 33 = 0, 0 = -5*u + 9*y - 7*y + 37. Let n(a) = -a**2 + 7*a. Calculate n(u).
0
Let h(j) = -j**3 + 11*j**2 - 7*j + 13. Let d = 9002 + -8991. Determine h(d).
-64
Let q(x) = -233*x - 148. Let y(i) = -393*i - 247. Let d(m) = 12*q(m) - 7*y(m). Calculate d(-1).
-2
Let q(r) = 2*r - 16. Let u(p) = -9*p - 920*p**2 + 4*p - 15 - 8*p + 922*p**2. Let m be u(8). Determine q(m).
2
Let n(s) = 4*s - 74. Let k be n(21). Let i(x) = -x**2 + 11*x - 20. Give i(k).
-10
Let o(m) = -2*m**2 - 5*m + 1130. Let n be o(-25). Let g(p) = -6*p + 18. Determine g(n).
-12
Suppose 3*t - 18 = 0, -5*t - 86 + 104 = 2*f. Let b(v) = -v**3 - 6*v**2 - 2*v + 10. What is b(f)?
22
Let b(y) be the third derivative of 0*y + 7/6*y**3 + 25*y**2 - 11/24*y**4 + 0 + 1/60*y**5. Suppose 3*p - 37 = -2*x, 5*x - 2*x - 28 = -2*p. What is b(p)?
7
Let v(b) = 4*b - 35. Suppose -x - 34*x = -175. Let f(z) = z - 18. Let l(u) = x*f(u) - 2*v(u). What is l(-5)?
-5
Let k(l) = 9*l**3 + 11*l**2 + 18*l + 15. Let r(v) = 4*v**3 + 6*v**2 + 9*v + 7. Let y(z) = -3*k(z) + 7*r(z). Suppose -48 = 2*o + 4*o. What is y(o)?
-4
Let s(o) = -4*o - 9. Let g(l) = -2. Let b(d) = d**2 + 17*d + 55. Let j be b(-12). Let k(m) = j*g(m) + s(m). Calculate k(4).
-15
Let l(p) be the second derivative of -p**5/20 - p**4/12 - p**3/3 - p**2 - 40*p + 4. Give l(-2).
6
Let f(o) = o**2 - 15*o - 55. Let w(g) = -3*g**2 + 55*g + 117. Let q be w(20). Give f(q).
-21
Let o(m) = -2*m + 4 + 5*m - 4*m. Let r be (-2)/(-4) - (19/((-1045)/(-22)))/((-8)/70). What is o(r)?
0
Let c be 32/14 - 4/14. Let r = 70 - 67. Let z(h) = -6*h**2 + 4*h**2 + 8*h**3 + h**3 - 6*h**r - h**3 + 2. Give z(c).
10
Let r(f) = -f**2 + 7*f + 5. Suppose 2 = -4*o + 2*t, -53 = -4*t - 33. Let p be (-2)/(0 - o/30*6). Determine r(p).
15
Let o(d) = d - 8. Let y(w) = 10*w - 66. Let s(i) = -6*o(i) - 2*y(i). Calculate s(7).
-2
Let k(l) be the third derivative of l**4/24 - 5*l**3/3 + 50*l**2 - 3. Let d = -21 - -100. Let u be d/7 - 6/21. Give k(u).
1
Let x(r) = -2*r + 3. Suppose -4*p + 8 = 0, 2 = -2*a + 4*p + 6. Suppose -5*u - 20 = 0, 4*u + 4 = -3*c - 12. Suppose 7*k - 9*k - a = c. Give x(k).
9
Suppose 223*k - 263*k - 109 + 29 = 0. Let c(v) = -8*v**2 - 5*v - 5. What is c(k)?
-27
Let s = -4368 - -4371. Let h(l) be the second derivative of 4*l + 0*l**2 + 2 + 1/6*l**4 - 1/6*l**s. Calculate h(-1).
3
Let z = 2700 + -2699. Let r be (5/(-4))/((-1)/(-4)). Let t = r - z. Let y(x) = x + 1. Determine y(t).
-5
Suppose 0 = c - 67 + 78. Let l(s) be the second derivative of s**3/3 - 9*s**2/2 + 6*s + 3. Give l(c).
-31
Let j(n) = -n + 7. Let o = 747 + -673. Suppose -11*u + o = -25. What is j(u)?
-2
Let k(i) = i + i**3 - 2*i**2 + 7*i**2 + 5 + 0*i**2. Let o be k(-5). Let c(f) = 0 + o - 2 + 2*f - f. What is c(3)?
1
Let p(r) = -r + 3. Suppose 68 = -7*o + 24*o. Let i be 15/(6*o/12 - 1). Let h(n) = -3*n + 45. Let a be h(i). What is p(a)?
3
Let w(c) = 2*c - 20. Let m be (-1 + 5)*((-15)/20 + -1). Let i(k) = -17*k - 114. Let r be i(m). Give w(r).
-10
Let z(t) = -t**3 - 11*t**2 + 12*t + 3. Let u(j) = j**2 - 7*j + 30. Let r be u(7). Suppose 0 = q + 5*p - 2 + 4, 3*p = 2*q + r. What is z(q)?
3
Suppose 3*n - 103 = 5*g, 3*n = 2*g - 4*g + 68. Let x be (-2)/((-4)/n - (-121)/(-143)). Let w(l) = -93*l + 7 - x + 91*l. Deter